- 5*u = -2*j + 79. What are the prime factors of j?
37
Let l(n) = -n**2 + 3. Let s be l(0). Suppose u = -2*k + 12, -5*u = k - s - 3. List the prime factors of k.
2, 3
Suppose -3*b + 5 + 2 = -5*r, 5*r = -4*b + 21. Suppose -5*z = b*y - 61, -y - 3*y + 3*z = -21. List the prime factors of y.
3
Let h(m) = -m**3 - 2*m**2 + 2*m + 4. Suppose -3*w - 3 = 6. Let y be h(w). Suppose 14 = 3*n - y. What are the prime factors of n?
7
Let h(c) = 3 + 3 - 5*c**2 - 4 - c**3. Let l(j) = -2*j**2 + j + 1. Let u be l(2). What are the prime factors of h(u)?
2
Let j be 2 - (2 - 0) - -2. Let c be (j/4)/((-5)/(-110)). Suppose -r = -2 - c. What are the prime factors of r?
13
Suppose 4*y + 68 = -3*g + 323, 3*y - 155 = 5*g. Suppose 15 = -3*f + y. What are the prime factors of f?
3, 5
Let o = -58 - -149. List the prime factors of o.
7, 13
Let l = 16 - 6. Suppose x = 22 + l. List the prime factors of x.
2
Let b = 115 + -55. Suppose 5*k + 7*p = 2*p + b, 0 = -k + 5*p. List the prime factors of k.
2, 5
Let v = -16 - 2. What are the prime factors of 169/9 + (-4)/v?
19
Suppose -39 = 3*u - 168. What are the prime factors of u?
43
Let p(u) = u**2 - 4*u + 1. Suppose -25 = o - 6*o. What are the prime factors of p(o)?
2, 3
Suppose -13*y + 9*y = -60. What are the prime factors of y?
3, 5
Let r be 8/28 - 16/7. Let t = r + 2. Suppose 2*u + 65 = 7*u - 5*q, t = -u - 4*q - 2. What are the prime factors of u?
2, 5
Suppose 0 = 4*z - 362 - 38. What are the prime factors of (8/(-5))/((-8)/z)?
2, 5
Suppose -3*i = -z + 17, -z - 3*i + 23 + 12 = 0. Let f = z - 2. Let u = 34 - f. List the prime factors of u.
2, 5
Let w = -8 - -6. Let x be -4*(-1 - (-15)/w). Suppose 5*y - x = 11. What are the prime factors of y?
3
Let q = 10 - -4. What are the prime factors of (-1 + (-26)/(-14))*q?
2, 3
Suppose 0 = -4*q + 5*y - 26, 3*y - 20 = 4*q + y. List the prime factors of (q/14)/((-4)/56).
2
Suppose -6*b = -133 - 197. Let l = 97 - b. What are the prime factors of l?
2, 3, 7
Let g(o) = -1 - 1 + 3 + 4*o. What are the prime factors of g(3)?
13
Suppose 5*m - 152 = -0*h + 2*h, -m - 2*h + 28 = 0. What are the prime factors of m?
2, 3, 5
Suppose -a + 4*c + 4 = -5*a, 2*a = 2*c - 22. Let f be (1 - -2)/(a/4). What are the prime factors of f/(-7) - (-300)/28?
11
What are the prime factors of 166/10 - (-26)/65?
17
Let c be -3*(16/(-6) - 0). Let o(t) = 2*t**3 - 6*t**2 + 6*t - 6. Let l be o(4). Suppose 0 = 4*p + 5*b - 3 - c, -l = -5*p + b. List the prime factors of p.
3
Let m = -16 - -21. What are the prime factors of 14/(-4)*(-9 + m)?
2, 7
Let m = 73 - 67. List the prime factors of m.
2, 3
What are the prime factors of -1 + ((-12)/(-9)*60 - 3)?
2, 19
Let h(n) = 6 - 3*n - 1 + 5*n. Let z be h(-4). List the prime factors of (-2)/3 - 38/z.
2, 3
Suppose 6*f + 0*f = -156. List the prime factors of 7744/143 + 4/f.
2, 3
Suppose -4*k - k + 6 = -4*h, -3*h - 5 = -4*k. Let r = 15 + -7. Suppose -a - n + r = 3*a, k*n = 0. List the prime factors of a.
2
Suppose 0 = -n + h - 2*h + 7, 4*h - 1 = 5*n. Let i = -52 - -106. What are the prime factors of n/(3 + i/(-20))?
2, 5
Let w(h) = 3*h**2 - 4*h + 6. What are the prime factors of w(4)?
2, 19
Let q be 0 - (-1 + (-2)/1). Suppose 10 = -q*h + 46. What are the prime factors of h?
2, 3
Suppose -5*q = -4*q. Let d = q + 28. What are the prime factors of d?
2, 7
Let r(d) = 6*d**3 - 7*d**2 + 10*d - 2. Let j(n) = 0*n + 3*n**3 - 2*n**3 + n. Let b(p) = 5*j(p) - r(p). List the prime factors of b(6).
2
Suppose 4*s = 57 + 99. What are the prime factors of s?
3, 13
Let f = 6 - 4. Suppose -u + f = -0. List the prime factors of 2 + (u - 1)*4.
2, 3
Suppose 0 = -5*s + 122 - 22. Let i = 52 - s. List the prime factors of i.
2
Let s be (4/6)/(14/(-63)). Let i(j) be the first derivative of j**4/4 + j**3 - j**2/2 + j - 1. List the prime factors of i(s).
2
List the prime factors of (-8 + -19)/(-1 + 0).
3
Suppose 5*u + 0*o - 3*o - 381 = 0, 3*o = u - 81. Suppose b + 28 - 8 = h, -4*h - b = -u. What are the prime factors of h?
19
Let i = 2 + -2. Suppose t + 1 + 6 = i. Let c = 4 - t. List the prime factors of c.
11
Let n = 13 + -7. Suppose 0 = -4*d + d - n. What are the prime factors of (-9)/d*(-2)/(-3)?
3
Let v = -3 + 5. Let z(p) = p**3 + 9*p**2 - 12*p + 3. Let r be z(-10). Suppose -r = -2*d - 5*o, -4*o + 10 = -d + v*d. What are the prime factors of d?
2, 7
Let i(y) = 8*y**2 - 2*y + 2. What are the prime factors of i(3)?
2, 17
Let r(n) = 6*n**2 - 2*n - 4. Let p(u) = -5*u**2 + u + 3. Let a(q) = -7*p(q) - 6*r(q). What are the prime factors of a(4)?
7
Let p = -16 + 31. List the prime factors of p.
3, 5
What are the prime factors of 1/(49/12 - 4)?
2, 3
Let z = -7 - -10. Suppose -z*o = -2*h + 1 + 4, -7 = -3*h + 5*o. Suppose h - 7 = -x. List the prime factors of x.
3
Let y = 22 + -32. Let h = y + 15. What are the prime factors of h?
5
Let h(x) = 3*x**2 - 2*x - 2. Let u(c) = 6*c**2 - 4*c - 4. Let t(a) = 7*h(a) - 3*u(a). List the prime factors of t(-3).
31
Suppose -6*k + 11 = -3*k + 2*p, -7 = -3*k - 4*p. Suppose 3*g - k*g = -54. List the prime factors of g.
3
Let s be (1 + -4 - -1)*4. Let b = 15 + s. What are the prime factors of b?
7
Suppose 2*j - j + 15 = 5*l, 3*l + 3*j - 27 = 0. Suppose 19 = -l*r - 5*o + 78, -5*r + o = -52. What are the prime factors of r?
11
Suppose -6*b = -3*b - 4*a - 902, a - 583 = -2*b. What are the prime factors of b?
2, 3, 7
Let c(r) = r**2 + 12*r + 10. Let n be c(-10). Let m(u) = u**2 + 10*u + 12. What are the prime factors of m(n)?
2, 3
Suppose 0 = 3*d - 6*d + 168. Let o = 108 - d. List the prime factors of o.
2, 13
Let d(z) = 2*z**3 - 2 - z**2 - z**3 - 6*z - 9*z**2 + 3*z**2. What are the prime factors of d(8)?
2, 7
List the prime factors of (32/36)/(-4) - 434/(-9).
2, 3
Suppose 2*p + 2*h - 8 = 0, p - 5*h - 1 = -p. Suppose -3 - 1 = -4*i. List the prime factors of i + -1 + (5 - p).
2
Suppose -b = 2*b - 3*m, 4*m = 3*b. Suppose -3*u + 0*u + 30 = b. List the prime factors of u.
2, 5
Let t(m) = m**3 - 12*m**2 + 1. Let u be t(12). What are the prime factors of (-2)/(-2)*4*u?
2
Suppose 9 = -3*z, -2*q - 3*q - z + 192 = 0. List the prime factors of q.
3, 13
Suppose -i - 40 = -6*i. Suppose -x + 5*x - i = 0. List the prime factors of x.
2
Let w(p) = -12*p + 5. List the prime factors of w(-12).
149
Let g = -19 - -33. What are the prime factors of g?
2, 7
Let n(u) = -u**2 + 12*u - 3. What are the prime factors of n(8)?
29
Suppose 18 = -g + 5*j, 4*j = -2*g - 0*j + 6. Let f(d) = -6*d - 4. What are the prime factors of f(g)?
2, 7
Let l(r) = -2*r + 5*r**2 + 5 - r - 2 - 1 - r**3. Let j be l(2). List the prime factors of (-2)/j - (-17)/4.
2
Let d be 9/(3 - 9/2). Let p(n) = 2*n - 1. Let l(y) = -y - 1. Let s(g) = 6*l(g) + 2*p(g). List the prime factors of s(d).
2
Let v be (-2)/6 - 195/(-45). Let f = 13 + v. List the prime factors of f.
17
Let o(l) = -l**2 + 6*l + 3. Let u be o(6). Suppose 2*y - 21 + 5 = -5*m, -u*m + 6 = 0. Suppose -3*h - y = 0, 2*b + h - 5*h - 38 = 0. List the prime factors of b.
17
Let f = 207 - -33. What are the prime factors of f?
2, 3, 5
Suppose 2*x = x + 31. List the prime factors of x.
31
List the prime factors of 3/2*44/3.
2, 11
Suppose 2*q - 14 = 10. Let n(g) = -g**2 + 11*g - 8. Let x be n(10). Suppose q + 8 = x*p. List the prime factors of p.
2, 5
Suppose -3 + 33 = 2*t + 2*j, 0 = 5*t + 3*j - 85. Let u = t - -5. What are the prime factors of u?
5
Suppose -31 = -3*g + 2*c + 27, 80 = 4*g - 4*c. List the prime factors of g.
2, 3
Suppose -8*a + 6*a + 42 = 4*v, 2*a + 5*v - 41 = 0. What are the prime factors of a?
23
Suppose 0 = 4*t - 73 - 167. Suppose 2*m = -3*m + t. What are the prime factors of m?
2, 3
Let c(l) = -24*l - 5. What are the prime factors of c(-5)?
5, 23
Let k = 25 + -13. Let r = k - 6. List the prime factors of r.
2, 3
Suppose 210 = 4*f - 2*k, -5*f + 195 = -k - 75. What are the prime factors of f?
5, 11
Suppose 5*x - 3*x = 2*a, 5*a = x + 12. Suppose -x*g + 11 + 28 = t, 0 = 2*g. What are the prime factors of t?
3, 13
Let j be ((-4)/(-6))/(5/(-45)). What are the prime factors of 128/j*3/(-2)?
2
Let b(v) = v**2 - 9*v + 4. Let u be b(9). Let t = 4 - u. Suppose t*f + 4*f - 52 = 0. What are the prime factors of f?
13
Let o(s) = -6*s**3 + 16*s + 6. List the prime factors of o(-4).
2, 163
Let o be (-4)/(-6) + 610/30. What are the prime factors of 708/21 + 6/o?
2, 17
Suppose -3*b + 5*i = 20, -2*